.
853
Calculate the greatest common divisor of 548 and 7628708.
548
Calculate the highest common factor of 1962 and 100534406.
218
What is the greatest common factor of 57962358 and 7830?
1566
What is the highest common divisor of 208494 and 246?
6
What is the greatest common factor of 53833284 and 96?
12
Calculate the highest common factor of 48190 and 39477880.
790
Calculate the greatest common divisor of 11951 and 9617743.
703
Calculate the greatest common divisor of 4211 and 23774.
1
What is the greatest common divisor of 104374302 and 6?
6
What is the greatest common divisor of 11373 and 105458038?
3791
What is the greatest common factor of 98950815 and 27?
27
What is the greatest common divisor of 171 and 4694976?
171
What is the greatest common factor of 14553 and 1661737?
539
What is the highest common factor of 16679249 and 19633?
677
Calculate the greatest common divisor of 3822 and 2401833.
147
What is the highest common divisor of 144 and 831934008?
72
Calculate the highest common factor of 1035 and 1616946.
69
Calculate the greatest common factor of 568 and 56012184.
568
What is the greatest common divisor of 6924 and 17088?
12
Calculate the greatest common factor of 103257 and 5974304.
1043
What is the highest common divisor of 1728 and 7830224?
16
What is the greatest common factor of 46 and 35089007?
23
What is the greatest common factor of 18420 and 73408305?
4605
What is the highest common factor of 540 and 3276795?
15
What is the highest common factor of 35003 and 750578?
29
What is the highest common factor of 39131 and 587683?
359
Calculate the highest common divisor of 312056220 and 60.
60
What is the greatest common divisor of 22 and 111328734?
22
Calculate the greatest common divisor of 11118829 and 2276.
569
What is the greatest common factor of 283943 and 176?
11
Calculate the highest common divisor of 12693 and 977720635.
4231
What is the highest common divisor of 61038 and 8334?
18
What is the greatest common divisor of 26286 and 17406387?
1011
What is the highest common divisor of 225423808 and 408?
136
What is the greatest common factor of 618 and 351133077?
309
Calculate the highest common factor of 7183863 and 27.
27
What is the greatest common factor of 3122798 and 952?
238
What is the highest common divisor of 11226501 and 4356?
1089
What is the highest common divisor of 408 and 3052920?
24
Calculate the greatest common divisor of 438356 and 52.
4
Calculate the greatest common factor of 24 and 209623032.
24
What is the highest common factor of 704 and 2851520?
64
Calculate the highest common divisor of 753659 and 5.
1
What is the highest common divisor of 8609760 and 111840?
480
Calculate the greatest common divisor of 1005972615 and 18.
9
What is the highest common divisor of 217404 and 1049004?
1188
What is the highest common divisor of 688 and 13791820?
172
What is the greatest common divisor of 317279923 and 58?
29
Calculate the highest common factor of 55 and 14491530.
5
What is the greatest common factor of 192163 and 270331?
3257
Calculate the greatest common divisor of 11107405 and 59491.
1451
Calculate the highest common factor of 6234730 and 500.
10
What is the highest common factor of 842 and 15986?
2
Calculate the greatest common factor of 11800 and 17409720.
2360
Calculate the highest common divisor of 21029178 and 17352.
1446
What is the highest common divisor of 2105254 and 3064133?
1019
What is the highest common factor of 1750766 and 4033?
37
What is the greatest common divisor of 124968 and 1537008?
984
What is the highest common factor of 848 and 656048?
16
What is the greatest common factor of 682038 and 486?
18
What is the highest common divisor of 12679032 and 13920?
696
What is the greatest common factor of 5288312 and 20984?
344
What is the greatest common factor of 3483128 and 58432?
88
What is the highest common divisor of 17101 and 3237673?
349
What is the greatest common divisor of 1034717562 and 12?
6
What is the highest common divisor of 1413 and 9374313?
471
What is the highest common divisor of 203 and 653486?
29
Calculate the greatest common factor of 3299006 and 121120.
1514
Calculate the greatest common factor of 2988 and 1960465644.
2988
Calculate the highest common factor of 497328030 and 2040.
510
Calculate the greatest common factor of 2752682 and 1498.
214
What is the greatest common divisor of 1508220 and 59780?
980
Calculate the highest common divisor of 20386440 and 36.
36
Calculate the greatest common divisor of 53676 and 48524.
28
What is the highest common divisor of 23 and 62406429?
23
What is the highest common divisor of 102801 and 1101?
3
What is the greatest common divisor of 248430 and 266006?
338
What is the greatest common divisor of 66 and 7509012?
6
What is the highest common factor of 53978 and 1022824?
394
What is the greatest common divisor of 169991449 and 2006?
1003
What is the greatest common factor of 30 and 14426310?
30
What is the greatest common factor of 11718912 and 66?
6
What is the greatest common divisor of 1104 and 6126832?
368
What is the greatest common factor of 198288 and 16924707?
4131
Calculate the greatest common factor of 29149 and 248333.
103
Calculate the highest common factor of 10928079 and 36.
9
Calculate the greatest common factor of 3436 and 2066492864.
3436
Calculate the greatest common factor of 74713199 and 22.
11
What is the highest common factor of 166821 and 2244?
51
Calculate the greatest common factor of 120605038 and 1088.
34
Calculate the highest common divisor of 9177 and 8694000.
483
Calculate the greatest common divisor of 36 and 221149350.
18
Calculate the highest common factor of 8219773 and 712.
89
Calculate the greatest common divisor of 30464 and 126985376.
3808
Calculate the highest common divisor of 445358862 and 52.
26
What is the greatest common factor of 3288678 and 2346?
138
What is the highest common divisor of 977473 and 3248084?
2177
Calculate the highest common divisor of 645848 and 646646.
266
What is the greatest common divisor of 390 and 137595?
15
What is the greatest common divisor of 5283655 and 403?
13
What is the greatest common divisor of 2629 and 196817456?
2629
Calculate the greatest common factor of 1050732 and 1394490.
6486
Calculate the highest common divisor of 25010 and 228079.
61
What is the greatest common divisor of 99488732 and 37692?
1396
Calculate the highest common divisor of 23042871 and 918.
153
Calculate the greatest common factor of 82800 and 2692656.
3312
What is the highest common factor of 1197 and 52631712?
63
What is the highest common factor of 7593404 and 17342?
598
Calculate the greatest common factor of 108984 and 327066.
114
Calculate the highest common factor of 138 and 28803360.
138
What is the greatest common divisor of 21646920 and 36?
12
Calculate the greatest common factor of 297105 and 1247.
29
What is the greatest common divisor of 8254948 and 39?
13
What is the greatest common factor of 2446 and 16045760?
2446
What is the greatest common divisor of 5633551 and 308?
77
Calculate the greatest common factor of 392 and 53060434.
98
Calculate the highest common divisor of 7875 and 3658200.
525
What is the highest common divisor of 756 and 11928420?
252
Calculate the highest common factor of 59299760 and 24320.
1520
What is the greatest common divisor of 9554 and 2390186?
562
What is the highest common divisor of 5148 and 2390544?
468
What is the greatest common factor of 1141152 and 18?
6
What is the highest common factor of 13360 and 110120?
40
What is the highest common factor of 622681082 and 3790?
758
Calculate the greatest common divisor of 75 and 5100325.
25
Calculate the highest common factor of 21249040 and 60.
20
What is the highest common divisor of 13580 and 146580?
140
Calculate the greatest common divisor of 15840 and 396810.
90
What is the highest common divisor of 76118 and 581098?
14
Calculate the highest common factor of 122200 and 5677412.
2444
Calculate the highest common divisor of 41048 and 116547.
733
What is the greatest common factor of 836 and 12866363?
19
What is the highest common divisor of 696 and 33180060?
348
Calculate the greatest common divisor of 2537 and 62245.
59
What is the greatest common factor of 658898 and 13417